{"id":46,"date":"2026-02-11T18:23:01","date_gmt":"2026-02-11T18:23:01","guid":{"rendered":"https:\/\/edutak.pl\/?page_id=46"},"modified":"2026-03-10T17:47:29","modified_gmt":"2026-03-10T16:47:29","slug":"osp","status":"publish","type":"page","link":"https:\/\/edutak.pl\/index.php\/osp\/","title":{"rendered":"Ochotnicze Stra\u017ce Po\u017carne"},"content":{"rendered":"\n<div class=\"wp-block-group is-nowrap is-layout-flex wp-container-core-group-is-layout-ad2f72ca wp-block-group-is-layout-flex\">\n<div class=\"wp-block-uagb-inline-notice uagb-inline_notice__align-left uagb-block-edd0ea25\"><button class=\"uagb-notice-close-button\" type=\"button\" aria-label=\"Close\"><\/button><h4 class=\"uagb-notice-title\">WDRO\u017bENIE \u015aWIADOMOSCI SYTUACYJNEJ DLA OCHOTNICZYCH STRA\u017bY PO\u017bARNYCH (OSP)<\/h4><div class=\"uagb-notice-text\">\n<p>Nowoczesne wsparcie dla ochotnik\u00f3w OSP do podstawowego lokalnego systemu bezpiecze\u0144stwa. Rozwi\u0105zania ATAK uruchamiaj\u0105ce ochotnikom <strong>dok\u0142adnie ukierunkowane na terenie, dok\u0142adnie dotarcie do zdarzenia i bezpieczne dzia\u0142anie<\/strong> .<br><strong>Korzy\u015bci dla OSP:<\/strong><br>-mapy dojazd\u00f3w i punkt\u00f3w czerpania wody,<br>-lokalizacja zast\u0119p\u00f3w i os\u00f3b on-line,<br>-wsp\u00f3\u0142praca z PSP i JST,<br>-wsparcie dzia\u0142a\u0144 i \u0107wicze\u0144.<br>-dane o sprz\u0119cie, logistyce, posiadanych zasobach.<\/p>\n\n\n\n<p><br>System jest <strong>u\u017cyteczny, skalowalny i mo\u017cna go stworzy\u0107 w ka\u017cdej jednostce<\/strong>.<br>Do\u0142\u0105czenie ka\u017cdej kolejnej jednostki wzmacnia \u015bwiadomo\u015b\u0107 sytuacyjna w gminie, powiecie pozwala na szybk\u0105 komunikacj\u0119 pomi\u0119dzy OSP.<br>Trenujemy realne warianty kryzysu \u2013 nie dotyczy projektu, prowadzimy dedykowane dzia\u0142ania oraz szkolenia, o potencjalnym scenariuszu, charakterystycznym dla okre\u015blonego obszaru i rodzaju instytucji. Przyk\u0142adowe warianty \u0107wicze\u0144: katastrofi \u017cywio\u0142owe (pow\u00f3d\u017a, wichura, po\u017cary), zdarzenie masowe i ewakuacje, zagini\u0119cia i akcje poszukiwawcze, awarie infrastruktury drogowej, zdarzenie hybrydowe i wielopodmiotowe. \u0106wiczenia dost\u0119pne s\u0105: w terenie, w obiektach, w witrynie symulacyjnej (table-top), z u\u017cyciem aplikacji ATAK jako narz\u0119dzia pomocniczego.<\/p>\n<\/div><\/div>\n<\/div>\n\n\n\n<div class=\"wp-block-uagb-image uagb-block-e2ea9d34 wp-block-uagb-image--layout-default wp-block-uagb-image--effect-static wp-block-uagb-image--align-none\"><figure class=\"wp-block-uagb-image__figure\"><a class=\"\" href=\"https:\/\/edutak.pl\/index.php\/szkolenie-28-03-2026r\/\" target=\"\" rel=\"noopener\"><img decoding=\"async\" srcset=\"https:\/\/edutak.pl\/wp-content\/uploads\/2026\/03\/ChatGPT-Image-10-mar-2026-09_39_33-1024x683.png ,https:\/\/edutak.pl\/wp-content\/uploads\/2026\/03\/ChatGPT-Image-10-mar-2026-09_39_33.png 780w, https:\/\/edutak.pl\/wp-content\/uploads\/2026\/03\/ChatGPT-Image-10-mar-2026-09_39_33.png 360w\" sizes=\"auto, (max-width: 480px) 150px\" src=\"https:\/\/edutak.pl\/wp-content\/uploads\/2026\/03\/ChatGPT-Image-10-mar-2026-09_39_33-1024x683.png\" alt=\"\" class=\"uag-image-448\" width=\"1024\" height=\"683\" title=\"ChatGPT Image 10 mar 2026, 09_39_33\" loading=\"lazy\" role=\"img\"\/><\/a><\/figure><\/div>\n\n\n<div\n\t\t\t\n\t\t\tclass=\"so-widget-sow-contact-form so-widget-sow-contact-form-default-2dba59c62dd0\"\n\t\t\t\n\t\t>\t<form\n\t\taction=\"\/index.php\/wp-json\/wp\/v2\/pages\/46\"\n\t\tmethod=\"POST\"\n\t\tclass=\"sow-contact-form\"\n\t\tid=\"contact-form-6ec7\"\n\t>\n\n\t\t\n\t\t\t\t\t<div class=\"sow-form-field sow-form-field-textarea\">\n\t\t\t\t<label class=\"sow-form-field-label-above\" for=\"sow-contact-form-field-wiadomosc-1\">\n\t\t\t\t<strong>\n\t\t\t\t\tWiadomo\u015b\u0107\t\t\t\t\t\t\t\t\t<\/strong>\n\t\t\t<\/label>\n\t\t\t\t\t\t\t<div class=\"sow-field-container\">\n\t\t\t\t\t\t\t<textarea\n\t\t\tname=\"wiadomosc-1\"\n\t\t\tid=\"sow-contact-form-field-wiadomosc-1\"\n\t\t\trows=\"10\"\n\t\t\t\t\t\t\t\t><\/textarea>\n\t\t\t\t\t\t<\/div>\n\t\t\t\t\t\t\t<\/div>\n\t\t\t\t\t\t<div class=\"sow-form-field sow-form-field-email\">\n\t\t\t\t<label class=\"sow-form-field-label-above\" for=\"sow-contact-form-field-twoj-email-1\">\n\t\t\t\t<strong>\n\t\t\t\t\tTw\u00f3j Email\t\t\t\t\t\t\t\t\t<\/strong>\n\t\t\t<\/label>\n\t\t\t\t\t\t\t<div class=\"sow-field-container\">\n\t\t\t\t\t\t\t<input\n\t\t\ttype=\"email\"\n\t\t\tname=\"twoj-email-1\"\n\t\t\tid=\"sow-contact-form-field-twoj-email-1\"\n\t\t\tvalue=\"\"\n\t\t\tclass=\"sow-text-field\"\t\t\t\t\t\t\t\t\/>\n\t\t\t\t\t\t<\/div>\n\t\t\t\t\t\t\t<\/div>\n\t\t\t\t\t\t<div class=\"sow-form-field sow-form-field-name\">\n\t\t\t\t<label class=\"sow-form-field-label-above\" for=\"sow-contact-form-field-imie-1\">\n\t\t\t\t<strong>\n\t\t\t\t\tImi\u0119\t\t\t\t\t\t\t\t\t<\/strong>\n\t\t\t<\/label>\n\t\t\t\t\t\t\t<div class=\"sow-field-container\">\n\t\t\t\t\t\t\t<input\n\t\t\ttype=\"text\"\n\t\t\tname=\"imie-1\"\n\t\t\tid=\"sow-contact-form-field-imie-1\"\n\t\t\tvalue=\"\"\n\t\t\tclass=\"sow-text-field\"\n\t\t\t\t\t\t\t\t\/>\n\t\t\t\t\t\t<\/div>\n\t\t\t\t\t\t\t<\/div>\n\t\t\t\t\t\t<div class=\"sow-form-field sow-form-field-textarea\">\n\t\t\t\t<label class=\"sow-form-field-label-above\" for=\"sow-contact-form-field-wiadomosc-2\">\n\t\t\t\t<strong>\n\t\t\t\t\tWiadomo\u015b\u0107\t\t\t\t\t\t\t\t\t<\/strong>\n\t\t\t<\/label>\n\t\t\t\t\t\t\t<div class=\"sow-field-container\">\n\t\t\t\t\t\t\t<textarea\n\t\t\tname=\"wiadomosc-2\"\n\t\t\tid=\"sow-contact-form-field-wiadomosc-2\"\n\t\t\trows=\"10\"\n\t\t\t\t\t\t\t\t><\/textarea>\n\t\t\t\t\t\t<\/div>\n\t\t\t\t\t\t\t<\/div>\n\t\t\t\t\t\t<input\n\t\t\t\ttype=\"text\"\n\t\t\t\tname=\"sow-name\"\n\t\t\t\tclass=\"sow-text-field\"\n\t\t\t\tstyle=\"display: none !important; visibility: hidden !important;\"\n\t\t\t\tautocomplete=\"off\"\n\t\t\t\taria-hidden=\"true\"\n\t\t\t>\n\t\t\n\t\t\n\t\t<div class=\"sow-submit-wrapper \n\t\tsow-submit-styled\t\t\">\n\n\t\t\t<button\n\t\t\t\ttype=\"submit\"\n\t\t\t\tclass=\"sow-submit\n\t\t\t\t\t\t\t\t\"\n\t\t\t\tdata-js-key=\"c4ca4238a0b923820dcc509a6f75849b\" \t\t\t>\n\t\t\t\tKontkat\t\t\t<\/button>\n\t\t<\/div>\n\t\t\t\t<input\n\t\t\ttype=\"hidden\"\n\t\t\tname=\"instance_hash-1\"\n\t\t\tvalue=\"6ec7ef5b\"\n\t\t\/>\n\n\t\t<input type=\"hidden\" id=\"_wpnonce\" name=\"_wpnonce\" value=\"4e7c4b2432\" \/><input type=\"hidden\" name=\"_wp_http_referer\" value=\"\/index.php\/wp-json\/wp\/v2\/pages\/46\" \/>\t<\/form>\n\t<\/div>","protected":false},"excerpt":{"rendered":"","protected":false},"author":1,"featured_media":0,"parent":0,"menu_order":0,"comment_status":"closed","ping_status":"closed","template":"","meta":{"_uag_custom_page_level_css":"","footnotes":""},"class_list":["post-46","page","type-page","status-publish","hentry","post"],"uagb_featured_image_src":{"full":false,"thumbnail":false,"medium":false,"medium_large":false,"large":false,"1536x1536":false,"2048x2048":false,"post-thumbnail":false,"vantage-thumbnail-no-sidebar":false,"vantage-slide":false,"vantage-carousel":false,"vantage-grid-loop":false,"sow-carousel-default":false},"uagb_author_info":{"display_name":"admin1715","author_link":"https:\/\/edutak.pl\/index.php\/author\/admin1715\/"},"uagb_comment_info":0,"uagb_excerpt":null,"_links":{"self":[{"href":"https:\/\/edutak.pl\/index.php\/wp-json\/wp\/v2\/pages\/46","targetHints":{"allow":["GET"]}}],"collection":[{"href":"https:\/\/edutak.pl\/index.php\/wp-json\/wp\/v2\/pages"}],"about":[{"href":"https:\/\/edutak.pl\/index.php\/wp-json\/wp\/v2\/types\/page"}],"author":[{"embeddable":true,"href":"https:\/\/edutak.pl\/index.php\/wp-json\/wp\/v2\/users\/1"}],"replies":[{"embeddable":true,"href":"https:\/\/edutak.pl\/index.php\/wp-json\/wp\/v2\/comments?post=46"}],"version-history":[{"count":18,"href":"https:\/\/edutak.pl\/index.php\/wp-json\/wp\/v2\/pages\/46\/revisions"}],"predecessor-version":[{"id":469,"href":"https:\/\/edutak.pl\/index.php\/wp-json\/wp\/v2\/pages\/46\/revisions\/469"}],"wp:attachment":[{"href":"https:\/\/edutak.pl\/index.php\/wp-json\/wp\/v2\/media?parent=46"}],"curies":[{"name":"wp","href":"https:\/\/api.w.org\/{rel}","templated":true}]}}