{"id":214,"date":"2026-02-13T17:18:02","date_gmt":"2026-02-13T17:18:02","guid":{"rendered":"https:\/\/edutak.pl\/?page_id=214"},"modified":"2026-02-20T19:06:58","modified_gmt":"2026-02-20T18:06:58","slug":"galeria","status":"publish","type":"page","link":"https:\/\/edutak.pl\/index.php\/galeria\/","title":{"rendered":"GALERIA"},"content":{"rendered":"\n<p><\/p>\n\n\n\n<div class=\"wp-block-media-text is-stacked-on-mobile\"><figure class=\"wp-block-media-text__media\"><img loading=\"lazy\" decoding=\"async\" width=\"1024\" height=\"768\" src=\"http:\/\/edutak.pl\/wp-content\/uploads\/2026\/02\/tyrariera-2-k.w-1024x768.jpeg\" alt=\"\" class=\"wp-image-283 size-full\" srcset=\"https:\/\/edutak.pl\/wp-content\/uploads\/2026\/02\/tyrariera-2-k.w-1024x768.jpeg 1024w, https:\/\/edutak.pl\/wp-content\/uploads\/2026\/02\/tyrariera-2-k.w-300x225.jpeg 300w, https:\/\/edutak.pl\/wp-content\/uploads\/2026\/02\/tyrariera-2-k.w-768x576.jpeg 768w, https:\/\/edutak.pl\/wp-content\/uploads\/2026\/02\/tyrariera-2-k.w-1536x1152.jpeg 1536w, https:\/\/edutak.pl\/wp-content\/uploads\/2026\/02\/tyrariera-2-k.w-2048x1536.jpeg 2048w\" sizes=\"auto, (max-width: 1024px) 100vw, 1024px\" \/><\/figure><div class=\"wp-block-media-text__content\">\n<p>Ka\u017cde dzia\u0142anie wymaga budowania \u015bwiadomo\u015bci sytuacyjnej by w spos\u00f3b przejrzysty i \u0142atwy mo\u017cna dokonywa\u0107 analizy i planowania dalszych czynno\u015bci maj\u0105c baz\u0119 ju\u017c wykonanych czynno\u015bci i zaplanowanych. <\/p>\n<\/div><\/div>\n\n\n\n<div class=\"wp-block-media-text is-stacked-on-mobile\"><figure class=\"wp-block-media-text__media\"><img loading=\"lazy\" decoding=\"async\" width=\"1024\" height=\"768\" src=\"http:\/\/edutak.pl\/wp-content\/uploads\/2026\/02\/20250907_203917-1024x768.jpg\" alt=\"\" class=\"wp-image-292 size-full\" srcset=\"https:\/\/edutak.pl\/wp-content\/uploads\/2026\/02\/20250907_203917-1024x768.jpg 1024w, https:\/\/edutak.pl\/wp-content\/uploads\/2026\/02\/20250907_203917-300x225.jpg 300w, https:\/\/edutak.pl\/wp-content\/uploads\/2026\/02\/20250907_203917-768x576.jpg 768w, https:\/\/edutak.pl\/wp-content\/uploads\/2026\/02\/20250907_203917-1536x1152.jpg 1536w, https:\/\/edutak.pl\/wp-content\/uploads\/2026\/02\/20250907_203917.jpg 1903w\" sizes=\"auto, (max-width: 1024px) 100vw, 1024px\" \/><\/figure><div class=\"wp-block-media-text__content\">\n<p class=\"has-text-align-left\">Lokalne dzia\u0142anie czy mi\u0119dzynarodowy mecz w obu przypadkach SA odgrywa kluczow\u0105 rol\u0119 w sprawnej komunikacji.<\/p>\n<\/div><\/div>\n\n\n\n<div class=\"wp-block-media-text is-stacked-on-mobile\"><figure class=\"wp-block-media-text__media\"><img loading=\"lazy\" decoding=\"async\" width=\"1024\" height=\"700\" src=\"http:\/\/edutak.pl\/wp-content\/uploads\/2026\/02\/sztab-dzialanoia-1024x700.jpg\" alt=\"\" class=\"wp-image-279 size-full\" srcset=\"https:\/\/edutak.pl\/wp-content\/uploads\/2026\/02\/sztab-dzialanoia-1024x700.jpg 1024w, https:\/\/edutak.pl\/wp-content\/uploads\/2026\/02\/sztab-dzialanoia-300x205.jpg 300w, https:\/\/edutak.pl\/wp-content\/uploads\/2026\/02\/sztab-dzialanoia-768x525.jpg 768w, https:\/\/edutak.pl\/wp-content\/uploads\/2026\/02\/sztab-dzialanoia-1536x1049.jpg 1536w, https:\/\/edutak.pl\/wp-content\/uploads\/2026\/02\/sztab-dzialanoia.jpg 2048w\" sizes=\"auto, (max-width: 1024px) 100vw, 1024px\" \/><\/figure><div class=\"wp-block-media-text__content\">\n<p class=\"has-text-align-left\">Jeden obraz sytuacyjny i rozwi\u0105zania taktyczne dla wszystkich s\u0142u\u017cb <br>i podmiot\u00f3w uczestnicz\u0105cych <br>w reagowaniu na kryzys.<\/p>\n<\/div><\/div>\n\n\n\n<div class=\"wp-block-media-text is-stacked-on-mobile\"><figure class=\"wp-block-media-text__media\"><img loading=\"lazy\" decoding=\"async\" width=\"480\" height=\"269\" src=\"http:\/\/edutak.pl\/wp-content\/uploads\/2026\/02\/pociag-katastrofa.webp\" alt=\"\" class=\"wp-image-238 size-full\" srcset=\"https:\/\/edutak.pl\/wp-content\/uploads\/2026\/02\/pociag-katastrofa.webp 480w, https:\/\/edutak.pl\/wp-content\/uploads\/2026\/02\/pociag-katastrofa-300x168.webp 300w\" sizes=\"auto, (max-width: 480px) 100vw, 480px\" \/><\/figure><div class=\"wp-block-media-text__content\">\n<p>To nie my wybieramy czas i miejsce.. lecz to od nas zale\u017cy czy sprostamy postawionym przed nami zadaniom <br>w spos\u00f3b profesjonalny i nie budz\u0105cy zastrze\u017ce\u0144 opinii publicznej.<\/p>\n<\/div><\/div>\n\n\n\n<div class=\"wp-block-media-text is-stacked-on-mobile\"><figure class=\"wp-block-media-text__media\"><img loading=\"lazy\" decoding=\"async\" width=\"1024\" height=\"459\" src=\"http:\/\/edutak.pl\/wp-content\/uploads\/2026\/02\/cala-polska-w-TAK-1024x459.jpg\" alt=\"\" class=\"wp-image-288 size-full\" srcset=\"https:\/\/edutak.pl\/wp-content\/uploads\/2026\/02\/cala-polska-w-TAK-1024x459.jpg 1024w, https:\/\/edutak.pl\/wp-content\/uploads\/2026\/02\/cala-polska-w-TAK-300x134.jpg 300w, https:\/\/edutak.pl\/wp-content\/uploads\/2026\/02\/cala-polska-w-TAK-768x344.jpg 768w, https:\/\/edutak.pl\/wp-content\/uploads\/2026\/02\/cala-polska-w-TAK.jpg 1535w\" sizes=\"auto, (max-width: 1024px) 100vw, 1024px\" \/><\/figure><div class=\"wp-block-media-text__content\">\n<p>Tak to jest TAK.<\/p>\n<\/div><\/div>\n","protected":false},"excerpt":{"rendered":"<p>Ka\u017cde dzia\u0142anie wymaga budowania \u015bwiadomo\u015bci sytuacyjnej by w spos\u00f3b przejrzysty i \u0142atwy mo\u017cna dokonywa\u0107 analizy i planowania dalszych czynno\u015bci maj\u0105c baz\u0119 ju\u017c wykonanych czynno\u015bci i zaplanowanych. Lokalne dzia\u0142anie czy mi\u0119dzynarodowy mecz w obu przypadkach SA odgrywa kluczow\u0105 rol\u0119 w sprawnej komunikacji. Jeden obraz sytuacyjny i rozwi\u0105zania taktyczne dla wszystkich s\u0142u\u017cb i podmiot\u00f3w uczestnicz\u0105cych w reagowaniu [&hellip;]<\/p>\n","protected":false},"author":1,"featured_media":0,"parent":0,"menu_order":0,"comment_status":"closed","ping_status":"closed","template":"","meta":{"_uag_custom_page_level_css":"","footnotes":""},"class_list":["post-214","page","type-page","status-publish","hentry","post"],"uagb_featured_image_src":{"full":false,"thumbnail":false,"medium":false,"medium_large":false,"large":false,"1536x1536":false,"2048x2048":false,"post-thumbnail":false,"vantage-thumbnail-no-sidebar":false,"vantage-slide":false,"vantage-carousel":false,"vantage-grid-loop":false,"sow-carousel-default":false},"uagb_author_info":{"display_name":"admin1715","author_link":"https:\/\/edutak.pl\/index.php\/author\/admin1715\/"},"uagb_comment_info":0,"uagb_excerpt":"Ka\u017cde dzia\u0142anie wymaga budowania \u015bwiadomo\u015bci sytuacyjnej by w spos\u00f3b przejrzysty i \u0142atwy mo\u017cna dokonywa\u0107 analizy i planowania dalszych czynno\u015bci maj\u0105c baz\u0119 ju\u017c wykonanych czynno\u015bci i zaplanowanych. Lokalne dzia\u0142anie czy mi\u0119dzynarodowy mecz w obu przypadkach SA odgrywa kluczow\u0105 rol\u0119 w sprawnej komunikacji. Jeden obraz sytuacyjny i rozwi\u0105zania taktyczne dla wszystkich s\u0142u\u017cb i podmiot\u00f3w uczestnicz\u0105cych w reagowaniu&hellip;","_links":{"self":[{"href":"https:\/\/edutak.pl\/index.php\/wp-json\/wp\/v2\/pages\/214","targetHints":{"allow":["GET"]}}],"collection":[{"href":"https:\/\/edutak.pl\/index.php\/wp-json\/wp\/v2\/pages"}],"about":[{"href":"https:\/\/edutak.pl\/index.php\/wp-json\/wp\/v2\/types\/page"}],"author":[{"embeddable":true,"href":"https:\/\/edutak.pl\/index.php\/wp-json\/wp\/v2\/users\/1"}],"replies":[{"embeddable":true,"href":"https:\/\/edutak.pl\/index.php\/wp-json\/wp\/v2\/comments?post=214"}],"version-history":[{"count":3,"href":"https:\/\/edutak.pl\/index.php\/wp-json\/wp\/v2\/pages\/214\/revisions"}],"predecessor-version":[{"id":379,"href":"https:\/\/edutak.pl\/index.php\/wp-json\/wp\/v2\/pages\/214\/revisions\/379"}],"wp:attachment":[{"href":"https:\/\/edutak.pl\/index.php\/wp-json\/wp\/v2\/media?parent=214"}],"curies":[{"name":"wp","href":"https:\/\/api.w.org\/{rel}","templated":true}]}}