{"id":197,"date":"2026-02-13T16:45:18","date_gmt":"2026-02-13T16:45:18","guid":{"rendered":"https:\/\/edutak.pl\/?page_id=197"},"modified":"2026-02-13T16:45:18","modified_gmt":"2026-02-13T16:45:18","slug":"realizacje","status":"publish","type":"page","link":"https:\/\/edutak.pl\/index.php\/realizacje\/","title":{"rendered":"REALIZACJE"},"content":{"rendered":"<h2 data-start=\"449\" data-end=\"505\">SAREX-24 \u2013 \u0106wiczenia z zakresu reagowania kryzysowego<\/h2>\n<p data-start=\"507\" data-end=\"797\"><strong data-start=\"507\" data-end=\"519\">SAREX-24<\/strong> to cykliczne, taktyczno-specjalne \u0107wiczenia prowadzone pod egid\u0105 dow\u00f3dztw centralnych, maj\u0105ce na celu sprawdzenie zdolno\u015bci wielu instytucji do prowadzenia dzia\u0142a\u0144 poszukiwawczo-ratowniczych oraz reagowania na zdarzenia o charakterze kryzysowym. \u0106wiczenia obejmuj\u0105 scenariusze:<\/p>\n<ul data-start=\"799\" data-end=\"1026\">\n<li data-start=\"799\" data-end=\"840\">\n<p data-start=\"801\" data-end=\"840\">awaryjne l\u0105dowanie statku powietrznego,<\/p>\n<\/li>\n<li data-start=\"841\" data-end=\"921\">\n<p data-start=\"843\" data-end=\"921\">prowadzenie akcji poszukiwawczo-ratowniczych na obszarach l\u0105dowych i morskich,<\/p>\n<\/li>\n<li data-start=\"922\" data-end=\"1026\">\n<p data-start=\"924\" data-end=\"1026\">koordynacj\u0119 dzia\u0142a\u0144 s\u0142u\u017cb oraz instytucji cywilnych i wojskowych.<\/p>\n<\/li>\n<\/ul>\n<p data-start=\"1028\" data-end=\"1279\">Podczas takich przedsi\u0119wzi\u0119\u0107 kluczowe jest <strong data-start=\"1071\" data-end=\"1110\">budowanie wsp\u00f3lnego obrazu sytuacji<\/strong>, integracja danych z r\u00f3\u017cnych \u017ar\u00f3de\u0142 oraz mo\u017cliwo\u015b\u0107 przekazywania informacji pomi\u0119dzy stanowiskami dowodzenia a zespo\u0142ami terenowymi \u2014 co jest sednem rozwi\u0105za\u0144 TAK\/ATAK.<\/p>\n<hr data-start=\"1281\" data-end=\"1284\" \/>\n<h2 data-start=\"1286\" data-end=\"1349\">SAREX-25 \u2013 Mi\u0119dzynarodowe \u0107wiczenia poszukiwawczo-ratownicze<\/h2>\n<p data-start=\"1351\" data-end=\"1684\"><strong data-start=\"1351\" data-end=\"1363\">SAREX-25<\/strong> to kontynuacja cyklu \u0107wicze\u0144, w kt\u00f3rych uczestnicz\u0105 zar\u00f3wno struktury wojskowe, jak i s\u0142u\u017cby ratownicze (m.in. Policja, Stra\u017c Po\u017carna, Stra\u017c Graniczna, WOT) oraz inne instytucje uczestnicz\u0105ce w systemach SAR\/ASAR. G\u0142\u00f3wnym celem jest sprawdzenie i doskonalenie zdolno\u015bci do prowadzenia dzia\u0142a\u0144 poszukiwawczo-ratowniczych:<\/p>\n<ul data-start=\"1686\" data-end=\"1876\">\n<li data-start=\"1686\" data-end=\"1747\">\n<p data-start=\"1688\" data-end=\"1747\">w r\u00f3\u017cnych \u015brodowiskach (l\u0105d, morze, przestrze\u0144 powietrzna),<\/p>\n<\/li>\n<li data-start=\"1748\" data-end=\"1792\">\n<p data-start=\"1750\" data-end=\"1792\">z elementami wsp\u00f3\u0142pracy mi\u0119dzynarodowej,<\/p>\n<\/li>\n<li data-start=\"1793\" data-end=\"1876\">\n<p data-start=\"1795\" data-end=\"1876\">oraz koordynacji strategicznej i taktycznej.<\/p>\n<\/li>\n<\/ul>\n<p data-start=\"1878\" data-end=\"2113\">\u0106wiczenia tego typu wykorzystuj\u0105 zaawansowane narz\u0119dzia do wymiany informacji; systemy takie jak <strong data-start=\"1975\" data-end=\"1983\">ATAK<\/strong> i TAK s\u0105 naturalnymi platformami do wsp\u00f3lnego obrazu sytuacji i koordynacji zasob\u00f3w, zar\u00f3wno dowodzenia, jak i dzia\u0142a\u0144 w terenie.<\/p>\n<hr data-start=\"2115\" data-end=\"2118\" \/>\n<h2 data-start=\"2120\" data-end=\"2180\">CEPEX-24 \u2013 Dow\u00f3dczo-sztabowe \u0107wiczenia antyterrorystyczne<\/h2>\n<p data-start=\"2182\" data-end=\"2537\">\u0106wiczenia <strong data-start=\"2192\" data-end=\"2204\">CEPEX-24<\/strong> (np. na lotnisku w Pyrzowicach i Stadionie \u015al\u0105skim) s\u0105 du\u017cymi przedsi\u0119wzi\u0119ciami podmiot\u00f3w pa\u0144stwowych \u2014 s\u0142u\u017cb, instytucji prokuratury, oddzia\u0142\u00f3w specjalnych \u2014 kt\u00f3rych celem jest doskonalenie procedur reagowania na zagro\u017cenia terrorystyczne oraz prowadzenie dzia\u0142a\u0144 w \u015brodowisku wielopodmiotowym.<\/p>\n<p data-start=\"2539\" data-end=\"2805\">W takich \u0107wiczeniach kluczowe jest <strong data-start=\"2574\" data-end=\"2645\">wsp\u00f3lne planowanie, wymiana informacji i interoperacyjno\u015b\u0107 system\u00f3w<\/strong> \u2014 obszary, w kt\u00f3rych \u015bwiadomo\u015b\u0107 sytuacyjna i narz\u0119dzia TAK\/ATAK zapewniaj\u0105 sp\u00f3jny obraz rozwoju zdarzenia oraz u\u0142atwiaj\u0105 koordynacj\u0119 dzia\u0142a\u0144 mi\u0119dzy formacjami.<\/p>\n<hr data-start=\"2807\" data-end=\"2810\" \/>\n<h2 data-start=\"2812\" data-end=\"2881\">Radix-24 \u2013 \u0106wiczenia reagowania na incydenty o podwy\u017cszonym ryzyku<\/h2>\n<p data-start=\"2883\" data-end=\"3171\"><strong data-start=\"2883\" data-end=\"2895\">Radix-24<\/strong> to \u0107wiczenie koordynowane przez Policj\u0119 i instytucje mi\u0119dzynarodowe, sprawdzaj\u0105ce efektywno\u015b\u0107 wsp\u00f3\u0142dzia\u0142ania s\u0142u\u017cb w sytuacji symulowanego zagro\u017cenia radiologicznego lub incydentu terrorystycznego (np. uprowadzenie transportu materia\u0142\u00f3w).<\/p>\n<p data-start=\"3173\" data-end=\"3211\">W ramach takich dzia\u0142a\u0144 realizuje si\u0119:<\/p>\n<ul data-start=\"3212\" data-end=\"3316\">\n<li data-start=\"3212\" data-end=\"3237\">\n<p data-start=\"3214\" data-end=\"3237\">wsp\u00f3ln\u0105 analiz\u0119 ryzyka,<\/p>\n<\/li>\n<li data-start=\"3238\" data-end=\"3276\">\n<p data-start=\"3240\" data-end=\"3276\">wzajemn\u0105 wymian\u0119 danych taktycznych,<\/p>\n<\/li>\n<li data-start=\"3277\" data-end=\"3316\">\n<p data-start=\"3279\" data-end=\"3316\">zintegrowane planowanie i reagowanie.<\/p>\n<\/li>\n<\/ul>\n<p data-start=\"3318\" data-end=\"3494\">Narz\u0119dzia TAK\/ATAK mog\u0105 by\u0107 tu wykorzystane do dostarczania <strong data-start=\"3378\" data-end=\"3416\">bie\u017c\u0105cej sytuacyjnej mapy zagro\u017ce\u0144<\/strong>, lokalizacji zasob\u00f3w oraz raportowania post\u0119pu dzia\u0142a\u0144 w czasie rzeczywistym.<\/p>\n<hr data-start=\"3496\" data-end=\"3499\" \/>\n<h2 data-start=\"3501\" data-end=\"3540\">Zabezpieczenie Pol\u2019and\u2019Rock Festival<\/h2>\n<p data-start=\"3542\" data-end=\"3712\">Podczas du\u017cych imprez masowych, jak <strong data-start=\"3578\" data-end=\"3603\">Pol\u2019and\u2019Rock Festival<\/strong>, s\u0142u\u017cby pa\u0144stwowe i organizatorzy realizuj\u0105 z\u0142o\u017cone dzia\u0142ania dotycz\u0105ce bezpiecze\u0144stwa uczestnik\u00f3w i terenu:<\/p>\n<ul data-start=\"3714\" data-end=\"4042\">\n<li data-start=\"3714\" data-end=\"3800\">\n<p data-start=\"3716\" data-end=\"3800\">policja i inne s\u0142u\u017cby tworz\u0105 posterunki polowe, patrole i dzia\u0142ania ruchu drogowego,<\/p>\n<\/li>\n<li data-start=\"3801\" data-end=\"3912\">\n<p data-start=\"3803\" data-end=\"3912\">zastosowanie patroli wodnych, konnych, policyjnych dron\u00f3w i lotnictwa w monitoringu przestrzeni festiwalowej,<\/p>\n<\/li>\n<li data-start=\"3913\" data-end=\"4042\">\n<p data-start=\"3915\" data-end=\"4042\">wsp\u00f3\u0142praca z organizatorami i instytucjami (sanepid, stra\u017c po\u017carna, ratownictwo medyczne).<\/p>\n<\/li>\n<\/ul>\n<p data-start=\"4044\" data-end=\"4369\">Podczas takich operacji <strong data-start=\"4068\" data-end=\"4118\">centra dowodzenia i koordynacji bezpiecze\u0144stwa<\/strong> wykorzystuj\u0105 metody zarz\u0105dzania informacj\u0105 i wsp\u00f3lny obraz sytuacji, co w naturalny spos\u00f3b mo\u017ce by\u0107 wspierane przez systemy oparte na TAK\/ATAK \u2014 szczeg\u00f3lnie przy analizie ruchu ludzi, lokalizacji zasob\u00f3w i integracji komunikat\u00f3w od patroli w terenie.<\/p>\n<hr data-start=\"4371\" data-end=\"4374\" \/>\n<h2 data-start=\"4376\" data-end=\"4409\">Mecze pi\u0142karskie na stadionach<\/h2>\n<p data-start=\"4411\" data-end=\"4521\">Du\u017ce imprezy sportowe (np. mecze mi\u0119dzynarodowe na Stadionie \u015al\u0105skim czy podobne wydarzenia) r\u00f3wnie\u017c wymagaj\u0105:<\/p>\n<ul data-start=\"4523\" data-end=\"4654\">\n<li data-start=\"4523\" data-end=\"4571\">\n<p data-start=\"4525\" data-end=\"4571\">koordynacji s\u0142u\u017cb porz\u0105dkowych i ratowniczych,<\/p>\n<\/li>\n<li data-start=\"4572\" data-end=\"4611\">\n<p data-start=\"4574\" data-end=\"4611\">system\u00f3w szybkiej wymiany informacji,<\/p>\n<\/li>\n<li data-start=\"4612\" data-end=\"4654\">\n<p data-start=\"4614\" data-end=\"4654\">monitorowania t\u0142umu i lokalizacji s\u0142u\u017cb.<\/p>\n<\/li>\n<\/ul>\n<p data-start=\"4656\" data-end=\"4892\">Takie \u015brodowiska stanowi\u0105 naturalny przypadek zastosowania <strong data-start=\"4715\" data-end=\"4754\">technologii \u015bwiadomo\u015bci sytuacyjnej<\/strong> \u2014 zapewniaj\u0105c centralne narz\u0119dzie do <strong data-start=\"4792\" data-end=\"4891\">wizualizacji rozwoju zabezpieczenia, lokalizacji jednostek oraz przep\u0142ywu zg\u0142osze\u0144 operacyjnych<\/strong>.<\/p>\n<hr data-start=\"4894\" data-end=\"4897\" \/>\n<h3 data-start=\"4899\" data-end=\"4915\">Podsumowanie<\/h3>\n<p data-start=\"4917\" data-end=\"5108\">We wszystkich wy\u017cej wymienionych dzia\u0142aniach \u2014 zar\u00f3wno \u0107wiczeniach poszukiwawczo-ratowniczych, \u0107wiczeniach antyterrorystycznych, jak i zabezpieczeniach imprez masowych \u2014 kluczowe elementy to:<\/p>\n<p data-start=\"5110\" data-end=\"5310\"><strong data-start=\"5112\" data-end=\"5143\">koordynacja wielopodmiotowa<\/strong>;<br data-start=\"5144\" data-end=\"5147\" \/><strong data-start=\"5149\" data-end=\"5193\">wymiana informacji w czasie rzeczywistym<\/strong>;<br data-start=\"5194\" data-end=\"5197\" \/><strong data-start=\"5199\" data-end=\"5225\">wsp\u00f3lny obraz sytuacji<\/strong>;<br data-start=\"5226\" data-end=\"5229\" \/><strong data-start=\"5231\" data-end=\"5265\">lokalizacja zasob\u00f3w i zespo\u0142\u00f3w<\/strong>;<br data-start=\"5266\" data-end=\"5269\" \/><strong data-start=\"5271\" data-end=\"5309\">planowanie operacyjne i reagowanie<\/strong>.<\/p>\n<p data-start=\"5312\" data-end=\"5552\">Systemy takie jak <strong data-start=\"5330\" data-end=\"5354\">TAK i aplikacja ATAK<\/strong> dostarczaj\u0105 technologii umo\u017cliwiaj\u0105cej osi\u0105gni\u0119cie tych cel\u00f3w \u2014 stanowi\u0105c fundament \u015bwiadomo\u015bci sytuacyjnej i wspieraj\u0105c interoperacyjno\u015b\u0107 pomi\u0119dzy s\u0142u\u017cbami, administracj\u0105 i zespo\u0142ami reagowania.<\/p>\n","protected":false},"excerpt":{"rendered":"<p>SAREX-24 \u2013 \u0106wiczenia z zakresu reagowania kryzysowego SAREX-24 to cykliczne, taktyczno-specjalne \u0107wiczenia prowadzone pod egid\u0105 dow\u00f3dztw centralnych, maj\u0105ce na celu sprawdzenie zdolno\u015bci wielu instytucji do prowadzenia dzia\u0142a\u0144 poszukiwawczo-ratowniczych oraz reagowania na zdarzenia o charakterze kryzysowym. \u0106wiczenia obejmuj\u0105 scenariusze: awaryjne l\u0105dowanie statku powietrznego, prowadzenie akcji poszukiwawczo-ratowniczych na obszarach l\u0105dowych i morskich, koordynacj\u0119 dzia\u0142a\u0144 s\u0142u\u017cb oraz instytucji [&hellip;]<\/p>\n","protected":false},"author":1,"featured_media":0,"parent":0,"menu_order":0,"comment_status":"closed","ping_status":"closed","template":"","meta":{"_uag_custom_page_level_css":"","footnotes":""},"class_list":["post-197","page","type-page","status-publish","hentry","post"],"uagb_featured_image_src":{"full":false,"thumbnail":false,"medium":false,"medium_large":false,"large":false,"1536x1536":false,"2048x2048":false,"post-thumbnail":false,"vantage-thumbnail-no-sidebar":false,"vantage-slide":false,"vantage-carousel":false,"vantage-grid-loop":false,"sow-carousel-default":false},"uagb_author_info":{"display_name":"admin1715","author_link":"https:\/\/edutak.pl\/index.php\/author\/admin1715\/"},"uagb_comment_info":0,"uagb_excerpt":"SAREX-24 \u2013 \u0106wiczenia z zakresu reagowania kryzysowego SAREX-24 to cykliczne, taktyczno-specjalne \u0107wiczenia prowadzone pod egid\u0105 dow\u00f3dztw centralnych, maj\u0105ce na celu sprawdzenie zdolno\u015bci wielu instytucji do prowadzenia dzia\u0142a\u0144 poszukiwawczo-ratowniczych oraz reagowania na zdarzenia o charakterze kryzysowym. \u0106wiczenia obejmuj\u0105 scenariusze: awaryjne l\u0105dowanie statku powietrznego, prowadzenie akcji poszukiwawczo-ratowniczych na obszarach l\u0105dowych i morskich, koordynacj\u0119 dzia\u0142a\u0144 s\u0142u\u017cb oraz instytucji&hellip;","_links":{"self":[{"href":"https:\/\/edutak.pl\/index.php\/wp-json\/wp\/v2\/pages\/197","targetHints":{"allow":["GET"]}}],"collection":[{"href":"https:\/\/edutak.pl\/index.php\/wp-json\/wp\/v2\/pages"}],"about":[{"href":"https:\/\/edutak.pl\/index.php\/wp-json\/wp\/v2\/types\/page"}],"author":[{"embeddable":true,"href":"https:\/\/edutak.pl\/index.php\/wp-json\/wp\/v2\/users\/1"}],"replies":[{"embeddable":true,"href":"https:\/\/edutak.pl\/index.php\/wp-json\/wp\/v2\/comments?post=197"}],"version-history":[{"count":1,"href":"https:\/\/edutak.pl\/index.php\/wp-json\/wp\/v2\/pages\/197\/revisions"}],"predecessor-version":[{"id":198,"href":"https:\/\/edutak.pl\/index.php\/wp-json\/wp\/v2\/pages\/197\/revisions\/198"}],"wp:attachment":[{"href":"https:\/\/edutak.pl\/index.php\/wp-json\/wp\/v2\/media?parent=197"}],"curies":[{"name":"wp","href":"https:\/\/api.w.org\/{rel}","templated":true}]}}